{"id":10380,"date":"2025-03-19T12:32:36","date_gmt":"2025-03-19T12:32:36","guid":{"rendered":"https:\/\/kertigepalkatreszek.hu\/?post_type=product&#038;p=10380"},"modified":"2025-03-19T12:32:36","modified_gmt":"2025-03-19T12:32:36","slug":"kinai-permetezo-szuro-tf-22c2-szerszuro-csatlakozoval","status":"publish","type":"product","link":"https:\/\/kertigepalkatreszek.hu\/index.php\/termek\/kinai-permetezo-szuro-tf-22c2-szerszuro-csatlakozoval\/","title":{"rendered":"K\u00ednai Permetez\u0151 sz\u0171r\u0151 TF-22C2 szersz\u0171r\u0151 csatlakoz\u00f3val"},"content":{"rendered":"<pre>K\u00ednai TF-22C2 t\u00edpus\u00fa permetez\u0151h\u00f6z szersz\u0171r\u0151 csatlakoz\u00f3val.\r\nCikksz\u00e1m: KL-115 (SP-512-1)<\/pre>\n","protected":false},"excerpt":{"rendered":"<p>K\u00ednai TF-22C2 t\u00edpus\u00fa permetez\u0151h\u00f6z szersz\u0171r\u0151 csatlakoz\u00f3val. Cikksz\u00e1m: KL-115 (SP-512-1)<\/p>\n","protected":false},"featured_media":10381,"comment_status":"open","ping_status":"closed","template":"","meta":[],"product_cat":[60,75],"product_tag":[],"class_list":{"0":"post-10380","1":"product","2":"type-product","3":"status-publish","4":"has-post-thumbnail","6":"product_cat-kinai","7":"product_cat-permetezo","9":"first","10":"instock","11":"shipping-taxable","12":"purchasable","13":"product-type-simple"},"yoast_head":"<!-- This site is optimized with the Yoast SEO plugin v22.9 - https:\/\/yoast.com\/wordpress\/plugins\/seo\/ -->\n<title>K\u00ednai Permetez\u0151 sz\u0171r\u0151 TF-22C2 szersz\u0171r\u0151 csatlakoz\u00f3val - Kertig\u00e9palkatr\u00e9szek.hu<\/title>\n<meta name=\"robots\" content=\"index, follow, max-snippet:-1, max-image-preview:large, max-video-preview:-1\" \/>\n<link rel=\"canonical\" href=\"https:\/\/kertigepalkatreszek.hu\/index.php\/termek\/kinai-permetezo-szuro-tf-22c2-szerszuro-csatlakozoval\/\" \/>\n<meta property=\"og:locale\" content=\"hu_HU\" \/>\n<meta property=\"og:type\" content=\"article\" \/>\n<meta property=\"og:title\" content=\"K\u00ednai Permetez\u0151 sz\u0171r\u0151 TF-22C2 szersz\u0171r\u0151 csatlakoz\u00f3val - Kertig\u00e9palkatr\u00e9szek.hu\" \/>\n<meta property=\"og:description\" content=\"K\u00ednai TF-22C2 t\u00edpus\u00fa permetez\u0151h\u00f6z szersz\u0171r\u0151 csatlakoz\u00f3val. Cikksz\u00e1m: KL-115 (SP-512-1)\" \/>\n<meta property=\"og:url\" content=\"https:\/\/kertigepalkatreszek.hu\/index.php\/termek\/kinai-permetezo-szuro-tf-22c2-szerszuro-csatlakozoval\/\" \/>\n<meta property=\"og:site_name\" content=\"Kertig\u00e9palkatr\u00e9szek.hu\" \/>\n<meta property=\"og:image\" content=\"https:\/\/kertigepalkatreszek.hu\/wp-content\/uploads\/2025\/03\/IMG_20250319_132711-scaled.jpg\" \/>\n\t<meta property=\"og:image:width\" content=\"1920\" \/>\n\t<meta property=\"og:image:height\" content=\"2560\" \/>\n\t<meta property=\"og:image:type\" content=\"image\/jpeg\" \/>\n<meta name=\"twitter:card\" content=\"summary_large_image\" \/>\n<script type=\"application\/ld+json\" class=\"yoast-schema-graph\">{\"@context\":\"https:\/\/schema.org\",\"@graph\":[{\"@type\":\"WebPage\",\"@id\":\"https:\/\/kertigepalkatreszek.hu\/index.php\/termek\/kinai-permetezo-szuro-tf-22c2-szerszuro-csatlakozoval\/\",\"url\":\"https:\/\/kertigepalkatreszek.hu\/index.php\/termek\/kinai-permetezo-szuro-tf-22c2-szerszuro-csatlakozoval\/\",\"name\":\"K\u00ednai Permetez\u0151 sz\u0171r\u0151 TF-22C2 szersz\u0171r\u0151 csatlakoz\u00f3val - Kertig\u00e9palkatr\u00e9szek.hu\",\"isPartOf\":{\"@id\":\"https:\/\/kertigepalkatreszek.hu\/#website\"},\"primaryImageOfPage\":{\"@id\":\"https:\/\/kertigepalkatreszek.hu\/index.php\/termek\/kinai-permetezo-szuro-tf-22c2-szerszuro-csatlakozoval\/#primaryimage\"},\"image\":{\"@id\":\"https:\/\/kertigepalkatreszek.hu\/index.php\/termek\/kinai-permetezo-szuro-tf-22c2-szerszuro-csatlakozoval\/#primaryimage\"},\"thumbnailUrl\":\"https:\/\/i0.wp.com\/kertigepalkatreszek.hu\/wp-content\/uploads\/2025\/03\/IMG_20250319_132711-scaled.jpg?fit=1920%2C2560&ssl=1\",\"datePublished\":\"2025-03-19T12:32:36+00:00\",\"dateModified\":\"2025-03-19T12:32:36+00:00\",\"breadcrumb\":{\"@id\":\"https:\/\/kertigepalkatreszek.hu\/index.php\/termek\/kinai-permetezo-szuro-tf-22c2-szerszuro-csatlakozoval\/#breadcrumb\"},\"inLanguage\":\"hu\",\"potentialAction\":[{\"@type\":\"ReadAction\",\"target\":[\"https:\/\/kertigepalkatreszek.hu\/index.php\/termek\/kinai-permetezo-szuro-tf-22c2-szerszuro-csatlakozoval\/\"]}]},{\"@type\":\"ImageObject\",\"inLanguage\":\"hu\",\"@id\":\"https:\/\/kertigepalkatreszek.hu\/index.php\/termek\/kinai-permetezo-szuro-tf-22c2-szerszuro-csatlakozoval\/#primaryimage\",\"url\":\"https:\/\/i0.wp.com\/kertigepalkatreszek.hu\/wp-content\/uploads\/2025\/03\/IMG_20250319_132711-scaled.jpg?fit=1920%2C2560&ssl=1\",\"contentUrl\":\"https:\/\/i0.wp.com\/kertigepalkatreszek.hu\/wp-content\/uploads\/2025\/03\/IMG_20250319_132711-scaled.jpg?fit=1920%2C2560&ssl=1\",\"width\":1920,\"height\":2560},{\"@type\":\"BreadcrumbList\",\"@id\":\"https:\/\/kertigepalkatreszek.hu\/index.php\/termek\/kinai-permetezo-szuro-tf-22c2-szerszuro-csatlakozoval\/#breadcrumb\",\"itemListElement\":[{\"@type\":\"ListItem\",\"position\":1,\"name\":\"Kezd\u0151lap\",\"item\":\"https:\/\/kertigepalkatreszek.hu\/\"},{\"@type\":\"ListItem\",\"position\":2,\"name\":\"\u00dczlet\",\"item\":\"https:\/\/kertigepalkatreszek.hu\/index.php\/uzlet\/\"},{\"@type\":\"ListItem\",\"position\":3,\"name\":\"K\u00ednai Permetez\u0151 sz\u0171r\u0151 TF-22C2 szersz\u0171r\u0151 csatlakoz\u00f3val\"}]},{\"@type\":\"WebSite\",\"@id\":\"https:\/\/kertigepalkatreszek.hu\/#website\",\"url\":\"https:\/\/kertigepalkatreszek.hu\/\",\"name\":\"Kertig\u00e9palkatr\u00e9szek.hu\",\"description\":\"\",\"potentialAction\":[{\"@type\":\"SearchAction\",\"target\":{\"@type\":\"EntryPoint\",\"urlTemplate\":\"https:\/\/kertigepalkatreszek.hu\/?s={search_term_string}\"},\"query-input\":\"required name=search_term_string\"}],\"inLanguage\":\"hu\"}]}<\/script>\n<!-- \/ Yoast SEO plugin. -->","yoast_head_json":{"title":"K\u00ednai Permetez\u0151 sz\u0171r\u0151 TF-22C2 szersz\u0171r\u0151 csatlakoz\u00f3val - Kertig\u00e9palkatr\u00e9szek.hu","robots":{"index":"index","follow":"follow","max-snippet":"max-snippet:-1","max-image-preview":"max-image-preview:large","max-video-preview":"max-video-preview:-1"},"canonical":"https:\/\/kertigepalkatreszek.hu\/index.php\/termek\/kinai-permetezo-szuro-tf-22c2-szerszuro-csatlakozoval\/","og_locale":"hu_HU","og_type":"article","og_title":"K\u00ednai Permetez\u0151 sz\u0171r\u0151 TF-22C2 szersz\u0171r\u0151 csatlakoz\u00f3val - Kertig\u00e9palkatr\u00e9szek.hu","og_description":"K\u00ednai TF-22C2 t\u00edpus\u00fa permetez\u0151h\u00f6z szersz\u0171r\u0151 csatlakoz\u00f3val. Cikksz\u00e1m: KL-115 (SP-512-1)","og_url":"https:\/\/kertigepalkatreszek.hu\/index.php\/termek\/kinai-permetezo-szuro-tf-22c2-szerszuro-csatlakozoval\/","og_site_name":"Kertig\u00e9palkatr\u00e9szek.hu","og_image":[{"width":1920,"height":2560,"url":"https:\/\/kertigepalkatreszek.hu\/wp-content\/uploads\/2025\/03\/IMG_20250319_132711-scaled.jpg","type":"image\/jpeg"}],"twitter_card":"summary_large_image","schema":{"@context":"https:\/\/schema.org","@graph":[{"@type":"WebPage","@id":"https:\/\/kertigepalkatreszek.hu\/index.php\/termek\/kinai-permetezo-szuro-tf-22c2-szerszuro-csatlakozoval\/","url":"https:\/\/kertigepalkatreszek.hu\/index.php\/termek\/kinai-permetezo-szuro-tf-22c2-szerszuro-csatlakozoval\/","name":"K\u00ednai Permetez\u0151 sz\u0171r\u0151 TF-22C2 szersz\u0171r\u0151 csatlakoz\u00f3val - Kertig\u00e9palkatr\u00e9szek.hu","isPartOf":{"@id":"https:\/\/kertigepalkatreszek.hu\/#website"},"primaryImageOfPage":{"@id":"https:\/\/kertigepalkatreszek.hu\/index.php\/termek\/kinai-permetezo-szuro-tf-22c2-szerszuro-csatlakozoval\/#primaryimage"},"image":{"@id":"https:\/\/kertigepalkatreszek.hu\/index.php\/termek\/kinai-permetezo-szuro-tf-22c2-szerszuro-csatlakozoval\/#primaryimage"},"thumbnailUrl":"https:\/\/i0.wp.com\/kertigepalkatreszek.hu\/wp-content\/uploads\/2025\/03\/IMG_20250319_132711-scaled.jpg?fit=1920%2C2560&ssl=1","datePublished":"2025-03-19T12:32:36+00:00","dateModified":"2025-03-19T12:32:36+00:00","breadcrumb":{"@id":"https:\/\/kertigepalkatreszek.hu\/index.php\/termek\/kinai-permetezo-szuro-tf-22c2-szerszuro-csatlakozoval\/#breadcrumb"},"inLanguage":"hu","potentialAction":[{"@type":"ReadAction","target":["https:\/\/kertigepalkatreszek.hu\/index.php\/termek\/kinai-permetezo-szuro-tf-22c2-szerszuro-csatlakozoval\/"]}]},{"@type":"ImageObject","inLanguage":"hu","@id":"https:\/\/kertigepalkatreszek.hu\/index.php\/termek\/kinai-permetezo-szuro-tf-22c2-szerszuro-csatlakozoval\/#primaryimage","url":"https:\/\/i0.wp.com\/kertigepalkatreszek.hu\/wp-content\/uploads\/2025\/03\/IMG_20250319_132711-scaled.jpg?fit=1920%2C2560&ssl=1","contentUrl":"https:\/\/i0.wp.com\/kertigepalkatreszek.hu\/wp-content\/uploads\/2025\/03\/IMG_20250319_132711-scaled.jpg?fit=1920%2C2560&ssl=1","width":1920,"height":2560},{"@type":"BreadcrumbList","@id":"https:\/\/kertigepalkatreszek.hu\/index.php\/termek\/kinai-permetezo-szuro-tf-22c2-szerszuro-csatlakozoval\/#breadcrumb","itemListElement":[{"@type":"ListItem","position":1,"name":"Kezd\u0151lap","item":"https:\/\/kertigepalkatreszek.hu\/"},{"@type":"ListItem","position":2,"name":"\u00dczlet","item":"https:\/\/kertigepalkatreszek.hu\/index.php\/uzlet\/"},{"@type":"ListItem","position":3,"name":"K\u00ednai Permetez\u0151 sz\u0171r\u0151 TF-22C2 szersz\u0171r\u0151 csatlakoz\u00f3val"}]},{"@type":"WebSite","@id":"https:\/\/kertigepalkatreszek.hu\/#website","url":"https:\/\/kertigepalkatreszek.hu\/","name":"Kertig\u00e9palkatr\u00e9szek.hu","description":"","potentialAction":[{"@type":"SearchAction","target":{"@type":"EntryPoint","urlTemplate":"https:\/\/kertigepalkatreszek.hu\/?s={search_term_string}"},"query-input":"required name=search_term_string"}],"inLanguage":"hu"}]}},"jetpack_sharing_enabled":true,"_links":{"self":[{"href":"https:\/\/kertigepalkatreszek.hu\/index.php\/wp-json\/wp\/v2\/product\/10380","targetHints":{"allow":["GET"]}}],"collection":[{"href":"https:\/\/kertigepalkatreszek.hu\/index.php\/wp-json\/wp\/v2\/product"}],"about":[{"href":"https:\/\/kertigepalkatreszek.hu\/index.php\/wp-json\/wp\/v2\/types\/product"}],"replies":[{"embeddable":true,"href":"https:\/\/kertigepalkatreszek.hu\/index.php\/wp-json\/wp\/v2\/comments?post=10380"}],"wp:featuredmedia":[{"embeddable":true,"href":"https:\/\/kertigepalkatreszek.hu\/index.php\/wp-json\/wp\/v2\/media\/10381"}],"wp:attachment":[{"href":"https:\/\/kertigepalkatreszek.hu\/index.php\/wp-json\/wp\/v2\/media?parent=10380"}],"wp:term":[{"taxonomy":"product_cat","embeddable":true,"href":"https:\/\/kertigepalkatreszek.hu\/index.php\/wp-json\/wp\/v2\/product_cat?post=10380"},{"taxonomy":"product_tag","embeddable":true,"href":"https:\/\/kertigepalkatreszek.hu\/index.php\/wp-json\/wp\/v2\/product_tag?post=10380"}],"curies":[{"name":"wp","href":"https:\/\/api.w.org\/{rel}","templated":true}]}}