{"id":12928,"date":"2026-01-06T12:39:40","date_gmt":"2026-01-06T12:39:40","guid":{"rendered":"https:\/\/kertigepalkatreszek.hu\/?post_type=product&#038;p=12928"},"modified":"2026-03-11T15:26:24","modified_gmt":"2026-03-11T15:26:24","slug":"maruyama-stb-magasnyomasu-permetezo-pisztoly","status":"publish","type":"product","link":"https:\/\/kertigepalkatreszek.hu\/index.php\/termek\/maruyama-stb-magasnyomasu-permetezo-pisztoly\/","title":{"rendered":"Maruyama stb. magasnyom\u00e1s\u00fa permetez\u0151 pisztoly"},"content":{"rendered":"<pre>Porcel\u00e1n bet\u00e9tes \u00e1ll\u00edthat\u00f3 sz\u00f3r\u00f3fejes permetez\u0151 pisztoly p\u00f3t alkatr\u00e9szekkel.\r\nCikksz\u00e1m: L-4<\/pre>\n","protected":false},"excerpt":{"rendered":"<p>Porcel\u00e1n bet\u00e9tes \u00e1ll\u00edthat\u00f3 sz\u00f3r\u00f3fejes permetez\u0151 pisztoly p\u00f3t alkatr\u00e9szekkel. Cikksz\u00e1m: L-4<\/p>\n","protected":false},"featured_media":12931,"comment_status":"open","ping_status":"closed","template":"","meta":[],"product_cat":[50,75],"product_tag":[],"class_list":{"0":"post-12928","1":"product","2":"type-product","3":"status-publish","4":"has-post-thumbnail","6":"product_cat-maruyama","7":"product_cat-permetezo","9":"first","10":"instock","11":"shipping-taxable","12":"purchasable","13":"product-type-simple"},"yoast_head":"<!-- This site is optimized with the Yoast SEO plugin v22.9 - https:\/\/yoast.com\/wordpress\/plugins\/seo\/ -->\n<title>Maruyama stb. magasnyom\u00e1s\u00fa permetez\u0151 pisztoly - Kertig\u00e9palkatr\u00e9szek.hu<\/title>\n<meta name=\"robots\" content=\"index, follow, max-snippet:-1, max-image-preview:large, max-video-preview:-1\" \/>\n<link rel=\"canonical\" href=\"https:\/\/kertigepalkatreszek.hu\/index.php\/termek\/maruyama-stb-magasnyomasu-permetezo-pisztoly\/\" \/>\n<meta property=\"og:locale\" content=\"hu_HU\" \/>\n<meta property=\"og:type\" content=\"article\" \/>\n<meta property=\"og:title\" content=\"Maruyama stb. magasnyom\u00e1s\u00fa permetez\u0151 pisztoly - Kertig\u00e9palkatr\u00e9szek.hu\" \/>\n<meta property=\"og:description\" content=\"Porcel\u00e1n bet\u00e9tes \u00e1ll\u00edthat\u00f3 sz\u00f3r\u00f3fejes permetez\u0151 pisztoly p\u00f3t alkatr\u00e9szekkel. Cikksz\u00e1m: L-4\" \/>\n<meta property=\"og:url\" content=\"https:\/\/kertigepalkatreszek.hu\/index.php\/termek\/maruyama-stb-magasnyomasu-permetezo-pisztoly\/\" \/>\n<meta property=\"og:site_name\" content=\"Kertig\u00e9palkatr\u00e9szek.hu\" \/>\n<meta property=\"article:modified_time\" content=\"2026-03-11T15:26:24+00:00\" \/>\n<meta property=\"og:image\" content=\"https:\/\/kertigepalkatreszek.hu\/wp-content\/uploads\/2026\/01\/maruyama_stb_magasnyomasu_permetezo_pisztoly_707352743669095.jpg\" \/>\n\t<meta property=\"og:image:width\" content=\"810\" \/>\n\t<meta property=\"og:image:height\" content=\"814\" \/>\n\t<meta property=\"og:image:type\" content=\"image\/jpeg\" \/>\n<meta name=\"twitter:card\" content=\"summary_large_image\" \/>\n<script type=\"application\/ld+json\" class=\"yoast-schema-graph\">{\"@context\":\"https:\/\/schema.org\",\"@graph\":[{\"@type\":\"WebPage\",\"@id\":\"https:\/\/kertigepalkatreszek.hu\/index.php\/termek\/maruyama-stb-magasnyomasu-permetezo-pisztoly\/\",\"url\":\"https:\/\/kertigepalkatreszek.hu\/index.php\/termek\/maruyama-stb-magasnyomasu-permetezo-pisztoly\/\",\"name\":\"Maruyama stb. magasnyom\u00e1s\u00fa permetez\u0151 pisztoly - Kertig\u00e9palkatr\u00e9szek.hu\",\"isPartOf\":{\"@id\":\"https:\/\/kertigepalkatreszek.hu\/#website\"},\"primaryImageOfPage\":{\"@id\":\"https:\/\/kertigepalkatreszek.hu\/index.php\/termek\/maruyama-stb-magasnyomasu-permetezo-pisztoly\/#primaryimage\"},\"image\":{\"@id\":\"https:\/\/kertigepalkatreszek.hu\/index.php\/termek\/maruyama-stb-magasnyomasu-permetezo-pisztoly\/#primaryimage\"},\"thumbnailUrl\":\"https:\/\/i0.wp.com\/kertigepalkatreszek.hu\/wp-content\/uploads\/2026\/01\/maruyama_stb_magasnyomasu_permetezo_pisztoly_707352743669095.jpg?fit=810%2C814&ssl=1\",\"datePublished\":\"2026-01-06T12:39:40+00:00\",\"dateModified\":\"2026-03-11T15:26:24+00:00\",\"breadcrumb\":{\"@id\":\"https:\/\/kertigepalkatreszek.hu\/index.php\/termek\/maruyama-stb-magasnyomasu-permetezo-pisztoly\/#breadcrumb\"},\"inLanguage\":\"hu\",\"potentialAction\":[{\"@type\":\"ReadAction\",\"target\":[\"https:\/\/kertigepalkatreszek.hu\/index.php\/termek\/maruyama-stb-magasnyomasu-permetezo-pisztoly\/\"]}]},{\"@type\":\"ImageObject\",\"inLanguage\":\"hu\",\"@id\":\"https:\/\/kertigepalkatreszek.hu\/index.php\/termek\/maruyama-stb-magasnyomasu-permetezo-pisztoly\/#primaryimage\",\"url\":\"https:\/\/i0.wp.com\/kertigepalkatreszek.hu\/wp-content\/uploads\/2026\/01\/maruyama_stb_magasnyomasu_permetezo_pisztoly_707352743669095.jpg?fit=810%2C814&ssl=1\",\"contentUrl\":\"https:\/\/i0.wp.com\/kertigepalkatreszek.hu\/wp-content\/uploads\/2026\/01\/maruyama_stb_magasnyomasu_permetezo_pisztoly_707352743669095.jpg?fit=810%2C814&ssl=1\",\"width\":810,\"height\":814},{\"@type\":\"BreadcrumbList\",\"@id\":\"https:\/\/kertigepalkatreszek.hu\/index.php\/termek\/maruyama-stb-magasnyomasu-permetezo-pisztoly\/#breadcrumb\",\"itemListElement\":[{\"@type\":\"ListItem\",\"position\":1,\"name\":\"Kezd\u0151lap\",\"item\":\"https:\/\/kertigepalkatreszek.hu\/\"},{\"@type\":\"ListItem\",\"position\":2,\"name\":\"\u00dczlet\",\"item\":\"https:\/\/kertigepalkatreszek.hu\/index.php\/uzlet\/\"},{\"@type\":\"ListItem\",\"position\":3,\"name\":\"Maruyama stb. magasnyom\u00e1s\u00fa permetez\u0151 pisztoly\"}]},{\"@type\":\"WebSite\",\"@id\":\"https:\/\/kertigepalkatreszek.hu\/#website\",\"url\":\"https:\/\/kertigepalkatreszek.hu\/\",\"name\":\"Kertig\u00e9palkatr\u00e9szek.hu\",\"description\":\"\",\"potentialAction\":[{\"@type\":\"SearchAction\",\"target\":{\"@type\":\"EntryPoint\",\"urlTemplate\":\"https:\/\/kertigepalkatreszek.hu\/?s={search_term_string}\"},\"query-input\":\"required name=search_term_string\"}],\"inLanguage\":\"hu\"}]}<\/script>\n<!-- \/ Yoast SEO plugin. -->","yoast_head_json":{"title":"Maruyama stb. magasnyom\u00e1s\u00fa permetez\u0151 pisztoly - Kertig\u00e9palkatr\u00e9szek.hu","robots":{"index":"index","follow":"follow","max-snippet":"max-snippet:-1","max-image-preview":"max-image-preview:large","max-video-preview":"max-video-preview:-1"},"canonical":"https:\/\/kertigepalkatreszek.hu\/index.php\/termek\/maruyama-stb-magasnyomasu-permetezo-pisztoly\/","og_locale":"hu_HU","og_type":"article","og_title":"Maruyama stb. magasnyom\u00e1s\u00fa permetez\u0151 pisztoly - Kertig\u00e9palkatr\u00e9szek.hu","og_description":"Porcel\u00e1n bet\u00e9tes \u00e1ll\u00edthat\u00f3 sz\u00f3r\u00f3fejes permetez\u0151 pisztoly p\u00f3t alkatr\u00e9szekkel. Cikksz\u00e1m: L-4","og_url":"https:\/\/kertigepalkatreszek.hu\/index.php\/termek\/maruyama-stb-magasnyomasu-permetezo-pisztoly\/","og_site_name":"Kertig\u00e9palkatr\u00e9szek.hu","article_modified_time":"2026-03-11T15:26:24+00:00","og_image":[{"width":810,"height":814,"url":"https:\/\/kertigepalkatreszek.hu\/wp-content\/uploads\/2026\/01\/maruyama_stb_magasnyomasu_permetezo_pisztoly_707352743669095.jpg","type":"image\/jpeg"}],"twitter_card":"summary_large_image","schema":{"@context":"https:\/\/schema.org","@graph":[{"@type":"WebPage","@id":"https:\/\/kertigepalkatreszek.hu\/index.php\/termek\/maruyama-stb-magasnyomasu-permetezo-pisztoly\/","url":"https:\/\/kertigepalkatreszek.hu\/index.php\/termek\/maruyama-stb-magasnyomasu-permetezo-pisztoly\/","name":"Maruyama stb. magasnyom\u00e1s\u00fa permetez\u0151 pisztoly - Kertig\u00e9palkatr\u00e9szek.hu","isPartOf":{"@id":"https:\/\/kertigepalkatreszek.hu\/#website"},"primaryImageOfPage":{"@id":"https:\/\/kertigepalkatreszek.hu\/index.php\/termek\/maruyama-stb-magasnyomasu-permetezo-pisztoly\/#primaryimage"},"image":{"@id":"https:\/\/kertigepalkatreszek.hu\/index.php\/termek\/maruyama-stb-magasnyomasu-permetezo-pisztoly\/#primaryimage"},"thumbnailUrl":"https:\/\/i0.wp.com\/kertigepalkatreszek.hu\/wp-content\/uploads\/2026\/01\/maruyama_stb_magasnyomasu_permetezo_pisztoly_707352743669095.jpg?fit=810%2C814&ssl=1","datePublished":"2026-01-06T12:39:40+00:00","dateModified":"2026-03-11T15:26:24+00:00","breadcrumb":{"@id":"https:\/\/kertigepalkatreszek.hu\/index.php\/termek\/maruyama-stb-magasnyomasu-permetezo-pisztoly\/#breadcrumb"},"inLanguage":"hu","potentialAction":[{"@type":"ReadAction","target":["https:\/\/kertigepalkatreszek.hu\/index.php\/termek\/maruyama-stb-magasnyomasu-permetezo-pisztoly\/"]}]},{"@type":"ImageObject","inLanguage":"hu","@id":"https:\/\/kertigepalkatreszek.hu\/index.php\/termek\/maruyama-stb-magasnyomasu-permetezo-pisztoly\/#primaryimage","url":"https:\/\/i0.wp.com\/kertigepalkatreszek.hu\/wp-content\/uploads\/2026\/01\/maruyama_stb_magasnyomasu_permetezo_pisztoly_707352743669095.jpg?fit=810%2C814&ssl=1","contentUrl":"https:\/\/i0.wp.com\/kertigepalkatreszek.hu\/wp-content\/uploads\/2026\/01\/maruyama_stb_magasnyomasu_permetezo_pisztoly_707352743669095.jpg?fit=810%2C814&ssl=1","width":810,"height":814},{"@type":"BreadcrumbList","@id":"https:\/\/kertigepalkatreszek.hu\/index.php\/termek\/maruyama-stb-magasnyomasu-permetezo-pisztoly\/#breadcrumb","itemListElement":[{"@type":"ListItem","position":1,"name":"Kezd\u0151lap","item":"https:\/\/kertigepalkatreszek.hu\/"},{"@type":"ListItem","position":2,"name":"\u00dczlet","item":"https:\/\/kertigepalkatreszek.hu\/index.php\/uzlet\/"},{"@type":"ListItem","position":3,"name":"Maruyama stb. magasnyom\u00e1s\u00fa permetez\u0151 pisztoly"}]},{"@type":"WebSite","@id":"https:\/\/kertigepalkatreszek.hu\/#website","url":"https:\/\/kertigepalkatreszek.hu\/","name":"Kertig\u00e9palkatr\u00e9szek.hu","description":"","potentialAction":[{"@type":"SearchAction","target":{"@type":"EntryPoint","urlTemplate":"https:\/\/kertigepalkatreszek.hu\/?s={search_term_string}"},"query-input":"required name=search_term_string"}],"inLanguage":"hu"}]}},"jetpack_sharing_enabled":true,"_links":{"self":[{"href":"https:\/\/kertigepalkatreszek.hu\/index.php\/wp-json\/wp\/v2\/product\/12928","targetHints":{"allow":["GET"]}}],"collection":[{"href":"https:\/\/kertigepalkatreszek.hu\/index.php\/wp-json\/wp\/v2\/product"}],"about":[{"href":"https:\/\/kertigepalkatreszek.hu\/index.php\/wp-json\/wp\/v2\/types\/product"}],"replies":[{"embeddable":true,"href":"https:\/\/kertigepalkatreszek.hu\/index.php\/wp-json\/wp\/v2\/comments?post=12928"}],"wp:featuredmedia":[{"embeddable":true,"href":"https:\/\/kertigepalkatreszek.hu\/index.php\/wp-json\/wp\/v2\/media\/12931"}],"wp:attachment":[{"href":"https:\/\/kertigepalkatreszek.hu\/index.php\/wp-json\/wp\/v2\/media?parent=12928"}],"wp:term":[{"taxonomy":"product_cat","embeddable":true,"href":"https:\/\/kertigepalkatreszek.hu\/index.php\/wp-json\/wp\/v2\/product_cat?post=12928"},{"taxonomy":"product_tag","embeddable":true,"href":"https:\/\/kertigepalkatreszek.hu\/index.php\/wp-json\/wp\/v2\/product_tag?post=12928"}],"curies":[{"name":"wp","href":"https:\/\/api.w.org\/{rel}","templated":true}]}}