{"id":8254,"date":"2024-08-27T16:20:10","date_gmt":"2024-08-27T16:20:10","guid":{"rendered":"https:\/\/kertigepalkatreszek.hu\/?post_type=product&#038;p=8254"},"modified":"2024-08-27T16:20:10","modified_gmt":"2024-08-27T16:20:10","slug":"kasei-ws-25da-hati-permetezo-25l","status":"publish","type":"product","link":"https:\/\/kertigepalkatreszek.hu\/index.php\/termek\/kasei-ws-25da-hati-permetezo-25l\/","title":{"rendered":"Kasei WS-25DA h\u00e1ti permetez\u0151 25L"},"content":{"rendered":"<pre>Elad\u00f3 \u00faj kasei permetez\u0151.\r\nKerekeken gur\u00edthat\u00f3 \u00edgy k\u00f6nnyebb vele a permetez\u00e9s viszont v\u00e1llhevederrel is haszn\u00e1lhat\u00f3.\r\nA tart\u00e1ly oldals\u00f3 r\u00e9sz\u00e9n tal\u00e1lhat\u00f3 a ki- be kapcsol\u00f3 gomb, a t\u00f6lt\u0151 csatlakoz\u00f3 s a szivatty\u00fa err\u0151ss\u00e9g\u00e9t \u00e1ll\u00edthat\u00f3 gomb is.\r\nAlapfelszerelts\u00e9g:\r\n- permetez\u0151 t\u00f6ml\u0151 1.2m\r\n- markolat adagol\u00f3 karral\r\n- permetez\u0151 sz\u00e1r(2 r\u00e9szes teleszk\u00f3pos) 0.6-1m\r\n- sz\u00f3r\u00f3fej (2 porlaszt\u00f3s)\r\n- sz\u00e1r tart\u00f3\r\nKieg\u00e9sz\u00edt\u0151 tart\u00f3z\u00e9kok:\r\n- hosszab\u00edt\u00f3 t\u00f6ml\u0151 (4.6m)\r\n- cs\u0151 told\u00f3 adapter\r\n- porlaszt\u00f3 pisztoly\r\n- mos\u00f3 kefe\r\nTov\u00e1bbi jellemz\u0151k:\r\n-permetez\u0151 tart\u00e1ly 25l\r\n- \u00fczemi nyom\u00e1s (Mpa) 0.15- 0.4\r\n- akkuml\u00e1tor DC 12V, 12 Ah\r\n- \u00fczemid\u0151 3-5 \u00f3ra\r\n- t\u00f6lt\u0151 100V -240V \/ 12V, 1.2A\r\n- nett\u00f3 t\u00f6meg 10kg.\r\n\r\n<\/pre>\n","protected":false},"excerpt":{"rendered":"<p>Elad\u00f3 \u00faj kasei permetez\u0151. Kerekeken gur\u00edthat\u00f3 \u00edgy k\u00f6nnyebb vele a permetez\u00e9s viszont v\u00e1llhevederrel is haszn\u00e1lhat\u00f3. A tart\u00e1ly oldals\u00f3 r\u00e9sz\u00e9n tal\u00e1lhat\u00f3&#8230;<\/p>\n","protected":false},"featured_media":8256,"comment_status":"open","ping_status":"closed","template":"","meta":[],"product_cat":[92],"product_tag":[],"class_list":{"0":"post-8254","1":"product","2":"type-product","3":"status-publish","4":"has-post-thumbnail","6":"product_cat-kasei","8":"first","9":"instock","10":"shipping-taxable","11":"purchasable","12":"product-type-simple"},"yoast_head":"<!-- This site is optimized with the Yoast SEO plugin v22.9 - https:\/\/yoast.com\/wordpress\/plugins\/seo\/ -->\n<title>Kasei WS-25DA h\u00e1ti permetez\u0151 25L - Kertig\u00e9palkatr\u00e9szek.hu<\/title>\n<meta name=\"robots\" content=\"index, follow, max-snippet:-1, max-image-preview:large, max-video-preview:-1\" \/>\n<link rel=\"canonical\" href=\"https:\/\/kertigepalkatreszek.hu\/index.php\/termek\/kasei-ws-25da-hati-permetezo-25l\/\" \/>\n<meta property=\"og:locale\" content=\"hu_HU\" \/>\n<meta property=\"og:type\" content=\"article\" \/>\n<meta property=\"og:title\" content=\"Kasei WS-25DA h\u00e1ti permetez\u0151 25L - Kertig\u00e9palkatr\u00e9szek.hu\" \/>\n<meta property=\"og:description\" content=\"Elad\u00f3 \u00faj kasei permetez\u0151. Kerekeken gur\u00edthat\u00f3 \u00edgy k\u00f6nnyebb vele a permetez\u00e9s viszont v\u00e1llhevederrel is haszn\u00e1lhat\u00f3. A tart\u00e1ly oldals\u00f3 r\u00e9sz\u00e9n tal\u00e1lhat\u00f3...\" \/>\n<meta property=\"og:url\" content=\"https:\/\/kertigepalkatreszek.hu\/index.php\/termek\/kasei-ws-25da-hati-permetezo-25l\/\" \/>\n<meta property=\"og:site_name\" content=\"Kertig\u00e9palkatr\u00e9szek.hu\" \/>\n<meta property=\"og:image\" content=\"https:\/\/kertigepalkatreszek.hu\/wp-content\/uploads\/2024\/08\/Kasei_WS_25DA_hati_permetezo_25L_347632507699670-e1724775542669.jpg\" \/>\n\t<meta property=\"og:image:width\" content=\"718\" \/>\n\t<meta property=\"og:image:height\" content=\"1021\" \/>\n\t<meta property=\"og:image:type\" content=\"image\/jpeg\" \/>\n<meta name=\"twitter:card\" content=\"summary_large_image\" \/>\n<meta name=\"twitter:label1\" content=\"Becs\u00fclt olvas\u00e1si id\u0151\" \/>\n\t<meta name=\"twitter:data1\" content=\"1 perc\" \/>\n<script type=\"application\/ld+json\" class=\"yoast-schema-graph\">{\"@context\":\"https:\/\/schema.org\",\"@graph\":[{\"@type\":\"WebPage\",\"@id\":\"https:\/\/kertigepalkatreszek.hu\/index.php\/termek\/kasei-ws-25da-hati-permetezo-25l\/\",\"url\":\"https:\/\/kertigepalkatreszek.hu\/index.php\/termek\/kasei-ws-25da-hati-permetezo-25l\/\",\"name\":\"Kasei WS-25DA h\u00e1ti permetez\u0151 25L - Kertig\u00e9palkatr\u00e9szek.hu\",\"isPartOf\":{\"@id\":\"https:\/\/kertigepalkatreszek.hu\/#website\"},\"primaryImageOfPage\":{\"@id\":\"https:\/\/kertigepalkatreszek.hu\/index.php\/termek\/kasei-ws-25da-hati-permetezo-25l\/#primaryimage\"},\"image\":{\"@id\":\"https:\/\/kertigepalkatreszek.hu\/index.php\/termek\/kasei-ws-25da-hati-permetezo-25l\/#primaryimage\"},\"thumbnailUrl\":\"https:\/\/i0.wp.com\/kertigepalkatreszek.hu\/wp-content\/uploads\/2024\/08\/Kasei_WS_25DA_hati_permetezo_25L_347632507699670-e1724775542669.jpg?fit=718%2C1021&ssl=1\",\"datePublished\":\"2024-08-27T16:20:10+00:00\",\"dateModified\":\"2024-08-27T16:20:10+00:00\",\"breadcrumb\":{\"@id\":\"https:\/\/kertigepalkatreszek.hu\/index.php\/termek\/kasei-ws-25da-hati-permetezo-25l\/#breadcrumb\"},\"inLanguage\":\"hu\",\"potentialAction\":[{\"@type\":\"ReadAction\",\"target\":[\"https:\/\/kertigepalkatreszek.hu\/index.php\/termek\/kasei-ws-25da-hati-permetezo-25l\/\"]}]},{\"@type\":\"ImageObject\",\"inLanguage\":\"hu\",\"@id\":\"https:\/\/kertigepalkatreszek.hu\/index.php\/termek\/kasei-ws-25da-hati-permetezo-25l\/#primaryimage\",\"url\":\"https:\/\/i0.wp.com\/kertigepalkatreszek.hu\/wp-content\/uploads\/2024\/08\/Kasei_WS_25DA_hati_permetezo_25L_347632507699670-e1724775542669.jpg?fit=718%2C1021&ssl=1\",\"contentUrl\":\"https:\/\/i0.wp.com\/kertigepalkatreszek.hu\/wp-content\/uploads\/2024\/08\/Kasei_WS_25DA_hati_permetezo_25L_347632507699670-e1724775542669.jpg?fit=718%2C1021&ssl=1\",\"width\":718,\"height\":1021},{\"@type\":\"BreadcrumbList\",\"@id\":\"https:\/\/kertigepalkatreszek.hu\/index.php\/termek\/kasei-ws-25da-hati-permetezo-25l\/#breadcrumb\",\"itemListElement\":[{\"@type\":\"ListItem\",\"position\":1,\"name\":\"Kezd\u0151lap\",\"item\":\"https:\/\/kertigepalkatreszek.hu\/\"},{\"@type\":\"ListItem\",\"position\":2,\"name\":\"\u00dczlet\",\"item\":\"https:\/\/kertigepalkatreszek.hu\/index.php\/uzlet\/\"},{\"@type\":\"ListItem\",\"position\":3,\"name\":\"Kasei WS-25DA h\u00e1ti permetez\u0151 25L\"}]},{\"@type\":\"WebSite\",\"@id\":\"https:\/\/kertigepalkatreszek.hu\/#website\",\"url\":\"https:\/\/kertigepalkatreszek.hu\/\",\"name\":\"Kertig\u00e9palkatr\u00e9szek.hu\",\"description\":\"\",\"potentialAction\":[{\"@type\":\"SearchAction\",\"target\":{\"@type\":\"EntryPoint\",\"urlTemplate\":\"https:\/\/kertigepalkatreszek.hu\/?s={search_term_string}\"},\"query-input\":\"required name=search_term_string\"}],\"inLanguage\":\"hu\"}]}<\/script>\n<!-- \/ Yoast SEO plugin. -->","yoast_head_json":{"title":"Kasei WS-25DA h\u00e1ti permetez\u0151 25L - Kertig\u00e9palkatr\u00e9szek.hu","robots":{"index":"index","follow":"follow","max-snippet":"max-snippet:-1","max-image-preview":"max-image-preview:large","max-video-preview":"max-video-preview:-1"},"canonical":"https:\/\/kertigepalkatreszek.hu\/index.php\/termek\/kasei-ws-25da-hati-permetezo-25l\/","og_locale":"hu_HU","og_type":"article","og_title":"Kasei WS-25DA h\u00e1ti permetez\u0151 25L - Kertig\u00e9palkatr\u00e9szek.hu","og_description":"Elad\u00f3 \u00faj kasei permetez\u0151. Kerekeken gur\u00edthat\u00f3 \u00edgy k\u00f6nnyebb vele a permetez\u00e9s viszont v\u00e1llhevederrel is haszn\u00e1lhat\u00f3. A tart\u00e1ly oldals\u00f3 r\u00e9sz\u00e9n tal\u00e1lhat\u00f3...","og_url":"https:\/\/kertigepalkatreszek.hu\/index.php\/termek\/kasei-ws-25da-hati-permetezo-25l\/","og_site_name":"Kertig\u00e9palkatr\u00e9szek.hu","og_image":[{"width":718,"height":1021,"url":"https:\/\/kertigepalkatreszek.hu\/wp-content\/uploads\/2024\/08\/Kasei_WS_25DA_hati_permetezo_25L_347632507699670-e1724775542669.jpg","type":"image\/jpeg"}],"twitter_card":"summary_large_image","twitter_misc":{"Becs\u00fclt olvas\u00e1si id\u0151":"1 perc"},"schema":{"@context":"https:\/\/schema.org","@graph":[{"@type":"WebPage","@id":"https:\/\/kertigepalkatreszek.hu\/index.php\/termek\/kasei-ws-25da-hati-permetezo-25l\/","url":"https:\/\/kertigepalkatreszek.hu\/index.php\/termek\/kasei-ws-25da-hati-permetezo-25l\/","name":"Kasei WS-25DA h\u00e1ti permetez\u0151 25L - Kertig\u00e9palkatr\u00e9szek.hu","isPartOf":{"@id":"https:\/\/kertigepalkatreszek.hu\/#website"},"primaryImageOfPage":{"@id":"https:\/\/kertigepalkatreszek.hu\/index.php\/termek\/kasei-ws-25da-hati-permetezo-25l\/#primaryimage"},"image":{"@id":"https:\/\/kertigepalkatreszek.hu\/index.php\/termek\/kasei-ws-25da-hati-permetezo-25l\/#primaryimage"},"thumbnailUrl":"https:\/\/i0.wp.com\/kertigepalkatreszek.hu\/wp-content\/uploads\/2024\/08\/Kasei_WS_25DA_hati_permetezo_25L_347632507699670-e1724775542669.jpg?fit=718%2C1021&ssl=1","datePublished":"2024-08-27T16:20:10+00:00","dateModified":"2024-08-27T16:20:10+00:00","breadcrumb":{"@id":"https:\/\/kertigepalkatreszek.hu\/index.php\/termek\/kasei-ws-25da-hati-permetezo-25l\/#breadcrumb"},"inLanguage":"hu","potentialAction":[{"@type":"ReadAction","target":["https:\/\/kertigepalkatreszek.hu\/index.php\/termek\/kasei-ws-25da-hati-permetezo-25l\/"]}]},{"@type":"ImageObject","inLanguage":"hu","@id":"https:\/\/kertigepalkatreszek.hu\/index.php\/termek\/kasei-ws-25da-hati-permetezo-25l\/#primaryimage","url":"https:\/\/i0.wp.com\/kertigepalkatreszek.hu\/wp-content\/uploads\/2024\/08\/Kasei_WS_25DA_hati_permetezo_25L_347632507699670-e1724775542669.jpg?fit=718%2C1021&ssl=1","contentUrl":"https:\/\/i0.wp.com\/kertigepalkatreszek.hu\/wp-content\/uploads\/2024\/08\/Kasei_WS_25DA_hati_permetezo_25L_347632507699670-e1724775542669.jpg?fit=718%2C1021&ssl=1","width":718,"height":1021},{"@type":"BreadcrumbList","@id":"https:\/\/kertigepalkatreszek.hu\/index.php\/termek\/kasei-ws-25da-hati-permetezo-25l\/#breadcrumb","itemListElement":[{"@type":"ListItem","position":1,"name":"Kezd\u0151lap","item":"https:\/\/kertigepalkatreszek.hu\/"},{"@type":"ListItem","position":2,"name":"\u00dczlet","item":"https:\/\/kertigepalkatreszek.hu\/index.php\/uzlet\/"},{"@type":"ListItem","position":3,"name":"Kasei WS-25DA h\u00e1ti permetez\u0151 25L"}]},{"@type":"WebSite","@id":"https:\/\/kertigepalkatreszek.hu\/#website","url":"https:\/\/kertigepalkatreszek.hu\/","name":"Kertig\u00e9palkatr\u00e9szek.hu","description":"","potentialAction":[{"@type":"SearchAction","target":{"@type":"EntryPoint","urlTemplate":"https:\/\/kertigepalkatreszek.hu\/?s={search_term_string}"},"query-input":"required name=search_term_string"}],"inLanguage":"hu"}]}},"jetpack_sharing_enabled":true,"_links":{"self":[{"href":"https:\/\/kertigepalkatreszek.hu\/index.php\/wp-json\/wp\/v2\/product\/8254","targetHints":{"allow":["GET"]}}],"collection":[{"href":"https:\/\/kertigepalkatreszek.hu\/index.php\/wp-json\/wp\/v2\/product"}],"about":[{"href":"https:\/\/kertigepalkatreszek.hu\/index.php\/wp-json\/wp\/v2\/types\/product"}],"replies":[{"embeddable":true,"href":"https:\/\/kertigepalkatreszek.hu\/index.php\/wp-json\/wp\/v2\/comments?post=8254"}],"wp:featuredmedia":[{"embeddable":true,"href":"https:\/\/kertigepalkatreszek.hu\/index.php\/wp-json\/wp\/v2\/media\/8256"}],"wp:attachment":[{"href":"https:\/\/kertigepalkatreszek.hu\/index.php\/wp-json\/wp\/v2\/media?parent=8254"}],"wp:term":[{"taxonomy":"product_cat","embeddable":true,"href":"https:\/\/kertigepalkatreszek.hu\/index.php\/wp-json\/wp\/v2\/product_cat?post=8254"},{"taxonomy":"product_tag","embeddable":true,"href":"https:\/\/kertigepalkatreszek.hu\/index.php\/wp-json\/wp\/v2\/product_tag?post=8254"}],"curies":[{"name":"wp","href":"https:\/\/api.w.org\/{rel}","templated":true}]}}